{"id":383,"date":"2021-06-12T20:56:54","date_gmt":"2021-06-12T18:56:54","guid":{"rendered":"https:\/\/claire-cattant.net\/?page_id=383"},"modified":"2024-02-20T16:10:48","modified_gmt":"2024-02-20T15:10:48","slug":"liens","status":"publish","type":"page","link":"https:\/\/claire-cattant.net\/index.php\/liens\/","title":{"rendered":"Les livres et vous"},"content":{"rendered":"\n<p class=\"has-text-align-center\">Nos livres sont diffus\u00e9s par les Editions La Muse ;  sp\u00e9cialistes du Monde M\u00e9di\u00e9val<\/p>\n\n\n\n<p class=\"has-text-align-center\">EDITION-DISTRIBUTION ;  CCED Livres, avec l&rsquo;Atelier des Jeux et D\u00e9s M\u00e9di\u00e9vaux.<\/p>\n\n\n\n<p class=\"has-text-align-center\">Vous pouvez laisser un commentaire,  en  allant  sur Babelio aux rubriques suivantes ; \u00ab\u00a0<em>ajouter \u00e0 vos livres<\/em>\u00ab\u00a0,  \u00ab\u00a0<em>ajouter une citation<\/em>\u00ab\u00a0, <em>un \u00ab\u00a0avis<\/em>\u00ab\u00a0, ou <em>une \u00ab\u00a0critique<\/em>\u00ab\u00a0;  bienvenue aussi sur mes pages Facebook<\/p>\n\n\n\n<p class=\"has-text-align-center\">Chers lecteurs,  Merci  pour toutes vos r\u00e9actions et remarques qui m&rsquo;encouragent depuis plusieurs ann\u00e9es, et merci d&rsquo;avoir achet\u00e9 mes livres.<\/p>\n\n\n\n<p class=\"has-text-align-center\"><a href=\"https:\/\/www.babelio.com\/livres\/Cattant-Les-Jeux-de-Des-au-Moyen-ge-Histoires-Regles-\/1037112\" data-type=\"URL\" data-id=\"https:\/\/www.babelio.com\/livres\/Cattant-Les-Jeux-de-Des-au-Moyen-ge-Histoires-Regles-\/1037112\">https:\/\/www.babelio.com\/livres\/Cattant-Les-Jeux-de-Des-au-Moyen-ge-Histoires-Regles-\/1037112<\/a><\/p>\n\n\n<div class=\"wp-block-image is-resized\">\n<figure class=\"aligncenter size-large\"><a href=\"https:\/\/www.babelio.com\/livres\/Cattant-Les-Jeux-de-Des-au-Moyen-ge-Histoires-Regles-\/1037112\"><img loading=\"lazy\" decoding=\"async\" width=\"471\" height=\"335\" src=\"https:\/\/claire-cattant.net\/wp-content\/uploads\/2021\/06\/Capture-decran-2021-06-12-212730a.png\" alt=\"\" class=\"wp-image-389\" srcset=\"https:\/\/claire-cattant.net\/wp-content\/uploads\/2021\/06\/Capture-decran-2021-06-12-212730a.png 471w, https:\/\/claire-cattant.net\/wp-content\/uploads\/2021\/06\/Capture-decran-2021-06-12-212730a-300x213.png 300w\" sizes=\"auto, (max-width: 471px) 100vw, 471px\" \/><\/a><figcaption class=\"wp-element-caption\">&#8230; <a href=\"https:\/\/www.babelio.com\/auteur\/Claire-Cattant\/466413\/bibliographie\" data-type=\"URL\" data-id=\"https:\/\/www.babelio.com\/auteur\/Claire-Cattant\/466413\/bibliographie\">https:\/\/www.babelio.com\/auteur\/Claire-Cattant\/466413\/bibliographie<\/a><\/figcaption><\/figure>\n<\/div>\n\n\n<p class=\"has-text-align-center\"> Vous pouvez  commenter votre lecture sur les r\u00e9seaux sociaux<\/p>\n\n\n\n<p class=\"has-text-align-center\"> <a href=\"https:\/\/www.facebook.com\/histoiresrecitscontesrunesjeuxetdes\">https:\/\/www.facebook.com\/histoiresrecitscontesrunesjeuxetdes<\/a> <\/p>\n\n\n\n<p class=\"has-text-align-center\">Pour acheter les livres ; Site des jeux et d\u00e9s m\u00e9di\u00e9vaux et boutique.<\/p>\n\n\n\n<p class=\"has-text-align-center\"><a href=\"https:\/\/jeux-et-des-medievaux.fr\/index.php\" data-type=\"URL\" data-id=\"https:\/\/jeux-et-des-medievaux.fr\/index.php\">https:\/\/jeux-et-des-medievaux.fr\/index.php<\/a><\/p>\n","protected":false},"excerpt":{"rendered":"<p>Nos livres sont diffus\u00e9s par les Editions La Muse ; sp\u00e9cialistes du Monde M\u00e9di\u00e9val EDITION-DISTRIBUTION ; CCED Livres, avec l&rsquo;Atelier des Jeux et D\u00e9s M\u00e9di\u00e9vaux. Vous pouvez laisser un commentaire, en allant sur Babelio aux rubriques suivantes ; \u00ab\u00a0ajouter \u00e0 vos livres\u00ab\u00a0, \u00ab\u00a0ajouter une citation\u00ab\u00a0, un \u00ab\u00a0avis\u00ab\u00a0, ou une \u00ab\u00a0critique\u00ab\u00a0; bienvenue aussi sur mes pages &hellip; <\/p>\n<p class=\"link-more\"><a href=\"https:\/\/claire-cattant.net\/index.php\/liens\/\" class=\"more-link\">Continuer la lecture<span class=\"screen-reader-text\"> de &laquo;&nbsp;Les livres et vous&nbsp;&raquo;<\/span><\/a><\/p>\n","protected":false},"author":1,"featured_media":0,"parent":0,"menu_order":0,"comment_status":"closed","ping_status":"closed","template":"","meta":{"footnotes":""},"class_list":["post-383","page","type-page","status-publish","hentry"],"colors":{"color":"5e6369","contrast":"255,255,255","custom":false},"jetpack_sharing_enabled":true,"_links":{"self":[{"href":"https:\/\/claire-cattant.net\/index.php\/wp-json\/wp\/v2\/pages\/383","targetHints":{"allow":["GET"]}}],"collection":[{"href":"https:\/\/claire-cattant.net\/index.php\/wp-json\/wp\/v2\/pages"}],"about":[{"href":"https:\/\/claire-cattant.net\/index.php\/wp-json\/wp\/v2\/types\/page"}],"author":[{"embeddable":true,"href":"https:\/\/claire-cattant.net\/index.php\/wp-json\/wp\/v2\/users\/1"}],"replies":[{"embeddable":true,"href":"https:\/\/claire-cattant.net\/index.php\/wp-json\/wp\/v2\/comments?post=383"}],"version-history":[{"count":0,"href":"https:\/\/claire-cattant.net\/index.php\/wp-json\/wp\/v2\/pages\/383\/revisions"}],"wp:attachment":[{"href":"https:\/\/claire-cattant.net\/index.php\/wp-json\/wp\/v2\/media?parent=383"}],"curies":[{"name":"wp","href":"https:\/\/api.w.org\/{rel}","templated":true}]}}