{"id":39,"date":"2021-05-18T11:21:37","date_gmt":"2021-05-18T09:21:37","guid":{"rendered":"http:\/\/claire-cattant.net\/?page_id=39"},"modified":"2021-06-12T12:29:24","modified_gmt":"2021-06-12T10:29:24","slug":"histoire-du-de-a-jouer","status":"publish","type":"page","link":"https:\/\/claire-cattant.net\/index.php\/histoire-du-de-a-jouer\/","title":{"rendered":"Histoire du d\u00e9 \u00e0 jouer"},"content":{"rendered":"\n<p>Pour davantage de d\u00e9tails  sur les th\u00e8mes trait\u00e9s dans le livre, vous pouvez aller sur le site des <a href=\"https:\/\/jeux-et-des-medievaux.fr\/index.php?id_product=46&amp;controller=product\">Jeux et d\u00e9s M\u00e9di\u00e9vaux<\/a>  (suivez la d\u00e9roulante \u00e0 gauche du descriptif)<\/p>\n\n\n\n<div class=\"wp-block-jetpack-tiled-gallery aligncenter is-style-rectangular\"><div class=\"tiled-gallery__gallery\"><div class=\"tiled-gallery__row\"><div class=\"tiled-gallery__col\" style=\"flex-basis:50.13156%\"><figure class=\"tiled-gallery__item\"><img decoding=\"async\" srcset=\"https:\/\/i1.wp.com\/claire-cattant.net\/wp-content\/uploads\/2021\/05\/couverture-des-a-jouer-15-fevrier-2019_Page_1-Copie.bmp?strip=info&#038;w=600 600w,https:\/\/i1.wp.com\/claire-cattant.net\/wp-content\/uploads\/2021\/05\/couverture-des-a-jouer-15-fevrier-2019_Page_1-Copie.bmp?strip=info&#038;w=900 900w,https:\/\/i1.wp.com\/claire-cattant.net\/wp-content\/uploads\/2021\/05\/couverture-des-a-jouer-15-fevrier-2019_Page_1-Copie.bmp?strip=info&#038;w=1200 1200w,https:\/\/i1.wp.com\/claire-cattant.net\/wp-content\/uploads\/2021\/05\/couverture-des-a-jouer-15-fevrier-2019_Page_1-Copie.bmp?strip=info&#038;w=1268 1268w\" alt=\"\" data-height=\"1893\" data-id=\"164\" data-link=\"http:\/\/claire-cattant.net\/index.php\/histoire-du-de-a-jouer\/couverture-des-a-jouer-15-fevrier-2019_page_1-copie\/\" data-url=\"http:\/\/claire-cattant.net\/wp-content\/uploads\/2021\/05\/couverture-des-a-jouer-15-fevrier-2019_Page_1-Copie.bmp\" data-width=\"1268\" src=\"https:\/\/i1.wp.com\/claire-cattant.net\/wp-content\/uploads\/2021\/05\/couverture-des-a-jouer-15-fevrier-2019_Page_1-Copie.bmp\" data-amp-layout=\"responsive\"\/><\/figure><\/div><div class=\"tiled-gallery__col\" style=\"flex-basis:49.86844%\"><figure class=\"tiled-gallery__item\"><img decoding=\"async\" srcset=\"https:\/\/i1.wp.com\/claire-cattant.net\/wp-content\/uploads\/2021\/05\/couverture-des-a-jouer-15-fevrier-2019_Page_1.bmp?strip=info&#038;w=600 600w,https:\/\/i1.wp.com\/claire-cattant.net\/wp-content\/uploads\/2021\/05\/couverture-des-a-jouer-15-fevrier-2019_Page_1.bmp?strip=info&#038;w=900 900w,https:\/\/i1.wp.com\/claire-cattant.net\/wp-content\/uploads\/2021\/05\/couverture-des-a-jouer-15-fevrier-2019_Page_1.bmp?strip=info&#038;w=1200 1200w,https:\/\/i1.wp.com\/claire-cattant.net\/wp-content\/uploads\/2021\/05\/couverture-des-a-jouer-15-fevrier-2019_Page_1.bmp?strip=info&#038;w=1258 1258w\" alt=\"\" data-height=\"1888\" data-id=\"165\" data-link=\"http:\/\/claire-cattant.net\/index.php\/histoire-du-de-a-jouer\/couverture-des-a-jouer-15-fevrier-2019_page_1\/\" data-url=\"http:\/\/claire-cattant.net\/wp-content\/uploads\/2021\/05\/couverture-des-a-jouer-15-fevrier-2019_Page_1.bmp\" data-width=\"1258\" src=\"https:\/\/i1.wp.com\/claire-cattant.net\/wp-content\/uploads\/2021\/05\/couverture-des-a-jouer-15-fevrier-2019_Page_1.bmp\" data-amp-layout=\"responsive\"\/><\/figure><\/div><\/div><\/div><\/div>\n\n\n\n<p>Vous pouvez  acheter le livre <a href=\"https:\/\/jeux-et-des-medievaux.fr\/index.php?id_product=46&amp;controller=product\">ici<\/a><\/p>\n\n\n\n<figure class=\"wp-block-image size-large is-resized\"><img loading=\"lazy\" decoding=\"async\" src=\"https:\/\/claire-cattant.net\/wp-content\/uploads\/2021\/06\/presentation-des-flyer-2021b-716x1024.jpg\" alt=\"\" class=\"wp-image-345\" width=\"753\" height=\"1076\" srcset=\"https:\/\/claire-cattant.net\/wp-content\/uploads\/2021\/06\/presentation-des-flyer-2021b-716x1024.jpg 716w, https:\/\/claire-cattant.net\/wp-content\/uploads\/2021\/06\/presentation-des-flyer-2021b-210x300.jpg 210w, https:\/\/claire-cattant.net\/wp-content\/uploads\/2021\/06\/presentation-des-flyer-2021b-768x1098.jpg 768w, https:\/\/claire-cattant.net\/wp-content\/uploads\/2021\/06\/presentation-des-flyer-2021b-1074x1536.jpg 1074w, https:\/\/claire-cattant.net\/wp-content\/uploads\/2021\/06\/presentation-des-flyer-2021b-1433x2048.jpg 1433w, https:\/\/claire-cattant.net\/wp-content\/uploads\/2021\/06\/presentation-des-flyer-2021b-scaled.bmp 1791w\" sizes=\"auto, (max-width: 706px) 89vw, (max-width: 767px) 82vw, 740px\" \/><\/figure>\n","protected":false},"excerpt":{"rendered":"<p>Pour davantage de d\u00e9tails sur les th\u00e8mes trait\u00e9s dans le livre, vous pouvez aller sur le site des Jeux et d\u00e9s M\u00e9di\u00e9vaux (suivez la d\u00e9roulante \u00e0 gauche du descriptif) Vous pouvez acheter le livre ici<\/p>\n","protected":false},"author":1,"featured_media":0,"parent":0,"menu_order":0,"comment_status":"closed","ping_status":"closed","template":"","meta":{"footnotes":""},"class_list":["post-39","page","type-page","status-publish","hentry"],"colors":{"color":"afa38f","contrast":"0,0,0","custom":false},"jetpack_sharing_enabled":true,"_links":{"self":[{"href":"https:\/\/claire-cattant.net\/index.php\/wp-json\/wp\/v2\/pages\/39","targetHints":{"allow":["GET"]}}],"collection":[{"href":"https:\/\/claire-cattant.net\/index.php\/wp-json\/wp\/v2\/pages"}],"about":[{"href":"https:\/\/claire-cattant.net\/index.php\/wp-json\/wp\/v2\/types\/page"}],"author":[{"embeddable":true,"href":"https:\/\/claire-cattant.net\/index.php\/wp-json\/wp\/v2\/users\/1"}],"replies":[{"embeddable":true,"href":"https:\/\/claire-cattant.net\/index.php\/wp-json\/wp\/v2\/comments?post=39"}],"version-history":[{"count":0,"href":"https:\/\/claire-cattant.net\/index.php\/wp-json\/wp\/v2\/pages\/39\/revisions"}],"wp:attachment":[{"href":"https:\/\/claire-cattant.net\/index.php\/wp-json\/wp\/v2\/media?parent=39"}],"curies":[{"name":"wp","href":"https:\/\/api.w.org\/{rel}","templated":true}]}}