{"id":545,"date":"2021-06-17T14:06:37","date_gmt":"2021-06-17T12:06:37","guid":{"rendered":"https:\/\/claire-cattant.net\/?page_id=545"},"modified":"2024-02-23T18:41:18","modified_gmt":"2024-02-23T17:41:18","slug":"liens-3","status":"publish","type":"page","link":"https:\/\/claire-cattant.net\/index.php\/liens-3\/","title":{"rendered":"Liens"},"content":{"rendered":"\n<div class=\"wp-block-group\"><div class=\"wp-block-group__inner-container is-layout-flow wp-block-group-is-layout-flow\"><div class=\"wp-block-image\">\n<figure class=\"alignleft is-resized\"><a href=\"https:\/\/jeux-et-des-medievaux.fr\/index.php\"><img loading=\"lazy\" decoding=\"async\" width=\"300\" height=\"252\" src=\"https:\/\/claire-cattant.net\/wp-content\/uploads\/2021\/06\/site-de-jeux-et-des-4-joureurs-1-300x252.jpg\" alt=\"\" class=\"wp-image-488\" style=\"width:269px;height:auto\" srcset=\"https:\/\/claire-cattant.net\/wp-content\/uploads\/2021\/06\/site-de-jeux-et-des-4-joureurs-1-300x252.jpg 300w, https:\/\/claire-cattant.net\/wp-content\/uploads\/2021\/06\/site-de-jeux-et-des-4-joureurs-1-1024x861.jpg 1024w, https:\/\/claire-cattant.net\/wp-content\/uploads\/2021\/06\/site-de-jeux-et-des-4-joureurs-1-768x646.jpg 768w, https:\/\/claire-cattant.net\/wp-content\/uploads\/2021\/06\/site-de-jeux-et-des-4-joureurs-1-1536x1292.jpg 1536w, https:\/\/claire-cattant.net\/wp-content\/uploads\/2021\/06\/site-de-jeux-et-des-4-joureurs-1-2048x1723.jpg 2048w\" sizes=\"auto, (max-width: 300px) 100vw, 300px\" \/><\/a><figcaption class=\"wp-element-caption\">Jeux et d\u00e9s m\u00e9di\u00e9vaux&nbsp;<\/figcaption><\/figure>\n<\/div>\n\n<div class=\"wp-block-image is-resized\">\n<figure class=\"alignright\"><a href=\"https:\/\/www.facebook.com\/jeuxetdesmedievaux\"><img loading=\"lazy\" decoding=\"async\" width=\"300\" height=\"300\" src=\"https:\/\/claire-cattant.net\/wp-content\/uploads\/2021\/06\/Capture-decran-2021-06-16-173120.-porte-des-joel-300x300.jpg\" alt=\"\" class=\"wp-image-478\" style=\"width:237px;height:auto\" srcset=\"https:\/\/claire-cattant.net\/wp-content\/uploads\/2021\/06\/Capture-decran-2021-06-16-173120.-porte-des-joel-300x300.jpg 300w, https:\/\/claire-cattant.net\/wp-content\/uploads\/2021\/06\/Capture-decran-2021-06-16-173120.-porte-des-joel-150x150.jpg 150w, https:\/\/claire-cattant.net\/wp-content\/uploads\/2021\/06\/Capture-decran-2021-06-16-173120.-porte-des-joel-100x100.jpg 100w, https:\/\/claire-cattant.net\/wp-content\/uploads\/2021\/06\/Capture-decran-2021-06-16-173120.-porte-des-joel.jpg 472w\" sizes=\"auto, (max-width: 300px) 100vw, 300px\" \/><\/a><figcaption class=\"wp-element-caption\">Sculptures<\/figcaption><\/figure>\n<\/div>\n\n<div class=\"wp-block-image\">\n<figure class=\"alignleft is-resized\"><a href=\"https:\/\/steampunk-jg.fr\/?fbclid=IwAR259LjcYPjV4mD6fs3ZKnhltr8YTvepZbZlpcQ70qTnCaJOEF8PZe12Pl0\"><img loading=\"lazy\" decoding=\"async\" width=\"300\" height=\"109\" src=\"https:\/\/claire-cattant.net\/wp-content\/uploads\/2021\/06\/site-steammpunk-JG-Presentation-des-sculptures-de-Joel-Gaude-creation-Steampunk-et-Fantaisies-300x109.jpg\" alt=\"\" class=\"wp-image-480\" style=\"width:350px;height:auto\" srcset=\"https:\/\/claire-cattant.net\/wp-content\/uploads\/2021\/06\/site-steammpunk-JG-Presentation-des-sculptures-de-Joel-Gaude-creation-Steampunk-et-Fantaisies-300x109.jpg 300w, https:\/\/claire-cattant.net\/wp-content\/uploads\/2021\/06\/site-steammpunk-JG-Presentation-des-sculptures-de-Joel-Gaude-creation-Steampunk-et-Fantaisies-1024x371.jpg 1024w, https:\/\/claire-cattant.net\/wp-content\/uploads\/2021\/06\/site-steammpunk-JG-Presentation-des-sculptures-de-Joel-Gaude-creation-Steampunk-et-Fantaisies-768x278.jpg 768w, https:\/\/claire-cattant.net\/wp-content\/uploads\/2021\/06\/site-steammpunk-JG-Presentation-des-sculptures-de-Joel-Gaude-creation-Steampunk-et-Fantaisies-1536x556.jpg 1536w, https:\/\/claire-cattant.net\/wp-content\/uploads\/2021\/06\/site-steammpunk-JG-Presentation-des-sculptures-de-Joel-Gaude-creation-Steampunk-et-Fantaisies.jpg 1890w\" sizes=\"auto, (max-width: 300px) 100vw, 300px\" \/><\/a><figcaption class=\"wp-element-caption\">Steampunk J.G<\/figcaption><\/figure>\n<\/div>\n\n\n<div class=\"wp-block-group\"><div class=\"wp-block-group__inner-container is-layout-flow wp-block-group-is-layout-flow\">\n<p class=\"has-text-align-right\">&nbsp; &nbsp; &nbsp; <a href=\"https:\/\/www.facebook.com\/Jo%C3%ABl-Gaud%C3%A9-Cr%C3%A9ation-D%C3%A9s-de-Collection-Porte-d%C3%A9s-de-jeux-de-R%C3%B4les-Sculpture-277082989392778\"><img loading=\"lazy\" decoding=\"async\" width=\"300\" height=\"87\" class=\"alignnone size-medium wp-image-499\" src=\"https:\/\/claire-cattant.net\/wp-content\/uploads\/2021\/06\/joel-page-porte-des-facebook-300x87.jpg\" alt=\"\" srcset=\"https:\/\/claire-cattant.net\/wp-content\/uploads\/2021\/06\/joel-page-porte-des-facebook-300x87.jpg 300w, https:\/\/claire-cattant.net\/wp-content\/uploads\/2021\/06\/joel-page-porte-des-facebook.jpg 502w\" sizes=\"auto, (max-width: 300px) 100vw, 300px\" \/><\/a>&nbsp; &nbsp;<\/p>\n<\/div><\/div>\n<\/div><\/div>\n\n\n<div class=\"wp-block-image\">\n<figure class=\"alignright size-full is-resized\"><a href=\"https:\/\/jean-cattant-sculpteur.fr\/\"><img loading=\"lazy\" decoding=\"async\" width=\"292\" height=\"477\" src=\"https:\/\/claire-cattant.net\/wp-content\/uploads\/2024\/02\/palaiseau-zi-cattant.jpg\" alt=\"\" class=\"wp-image-2865\" style=\"width:176px;height:auto\" srcset=\"https:\/\/claire-cattant.net\/wp-content\/uploads\/2024\/02\/palaiseau-zi-cattant.jpg 292w, https:\/\/claire-cattant.net\/wp-content\/uploads\/2024\/02\/palaiseau-zi-cattant-184x300.jpg 184w\" sizes=\"auto, (max-width: 292px) 100vw, 292px\" \/><\/a><figcaption class=\"wp-element-caption\">&#8211; Site Jean Cattant &#8211; Hommage \u00e0 Jean Cattant &#8211;<\/figcaption><\/figure>\n<\/div>\n\n\n<figure class=\"wp-block-image size-full is-resized\"><a href=\"https:\/\/www.facebook.com\/JeanCattantSculpteur\"><img loading=\"lazy\" decoding=\"async\" width=\"889\" height=\"231\" src=\"https:\/\/claire-cattant.net\/wp-content\/uploads\/2024\/02\/page-facebook-bio-Jean-Cattant-1.jpg\" alt=\"\" class=\"wp-image-2864\" style=\"width:444px;height:115px\" srcset=\"https:\/\/claire-cattant.net\/wp-content\/uploads\/2024\/02\/page-facebook-bio-Jean-Cattant-1.jpg 889w, https:\/\/claire-cattant.net\/wp-content\/uploads\/2024\/02\/page-facebook-bio-Jean-Cattant-1-300x78.jpg 300w, https:\/\/claire-cattant.net\/wp-content\/uploads\/2024\/02\/page-facebook-bio-Jean-Cattant-1-768x200.jpg 768w\" sizes=\"auto, (max-width: 767px) 89vw, (max-width: 1000px) 54vw, (max-width: 1071px) 543px, 580px\" \/><\/a><figcaption class=\"wp-element-caption\">Jean Cattant Sculpteur<\/figcaption><\/figure>\n\n\n<div class=\"wp-block-image is-resized\">\n<figure class=\"alignright\"><a href=\"https:\/\/www.facebook.com\/histoiresrecitscontesrunesjeuxetdes\"><img loading=\"lazy\" decoding=\"async\" width=\"300\" height=\"237\" src=\"https:\/\/claire-cattant.net\/wp-content\/uploads\/2021\/06\/claire--300x237.jpg\" alt=\"\" class=\"wp-image-554\" style=\"width:237px;height:auto\" srcset=\"https:\/\/claire-cattant.net\/wp-content\/uploads\/2021\/06\/claire--300x237.jpg 300w, https:\/\/claire-cattant.net\/wp-content\/uploads\/2021\/06\/claire-.jpg 406w\" sizes=\"auto, (max-width: 300px) 100vw, 300px\" \/><\/a><\/figure>\n<\/div>\n\n<div class=\"wp-block-image is-resized\">\n<figure class=\"alignleft size-large\"><a href=\"https:\/\/www.flickr.com\/photos\/65910817@N07\/\"><img loading=\"lazy\" decoding=\"async\" width=\"792\" height=\"701\" src=\"https:\/\/claire-cattant.net\/wp-content\/uploads\/2021\/06\/Johan-Cattant-.jpg\" alt=\"\" class=\"wp-image-482\" style=\"width:255px;height:auto\" srcset=\"https:\/\/claire-cattant.net\/wp-content\/uploads\/2021\/06\/Johan-Cattant-.jpg 792w, https:\/\/claire-cattant.net\/wp-content\/uploads\/2021\/06\/Johan-Cattant--300x266.jpg 300w, https:\/\/claire-cattant.net\/wp-content\/uploads\/2021\/06\/Johan-Cattant--768x680.jpg 768w\" sizes=\"auto, (max-width: 767px) 89vw, (max-width: 1000px) 54vw, (max-width: 1071px) 543px, 580px\" \/><\/a><figcaption class=\"wp-element-caption\"><br>Johan Cattant &#8211; Photographe- Com\u00e9dien- Organisateur de Jeux de R\u00f4les<br><\/figcaption><\/figure>\n<\/div>\n\n<div class=\"wp-block-image is-resized\">\n<figure class=\"alignleft\"><a href=\"https:\/\/www.hautmont.org\/\"><img loading=\"lazy\" decoding=\"async\" width=\"300\" height=\"99\" src=\"https:\/\/claire-cattant.net\/wp-content\/uploads\/2021\/06\/centre-spirituel-du-Hautmont-300x99.jpg\" alt=\"\" class=\"wp-image-668\" style=\"width:197px;height:auto\" srcset=\"https:\/\/claire-cattant.net\/wp-content\/uploads\/2021\/06\/centre-spirituel-du-Hautmont-300x99.jpg 300w, https:\/\/claire-cattant.net\/wp-content\/uploads\/2021\/06\/centre-spirituel-du-Hautmont-768x254.jpg 768w, https:\/\/claire-cattant.net\/wp-content\/uploads\/2021\/06\/centre-spirituel-du-Hautmont.jpg 972w\" sizes=\"auto, (max-width: 300px) 100vw, 300px\" \/><\/a><figcaption class=\"wp-element-caption\">Centre spirituel du Hautmont<br>31, rue Mirabeau  59420 Mouvaux<\/figcaption><\/figure>\n<\/div>\n\n\n<figure class=\"wp-block-image is-resized\"><a href=\"https:\/\/fondationbaladinfr.weebly.com\/\"><img loading=\"lazy\" decoding=\"async\" width=\"300\" height=\"103\" src=\"https:\/\/claire-cattant.net\/wp-content\/uploads\/2021\/06\/Fondation-Baladin-300x103.jpg\" alt=\"\" class=\"wp-image-592\" style=\"width:178px;height:auto\" srcset=\"https:\/\/claire-cattant.net\/wp-content\/uploads\/2021\/06\/Fondation-Baladin-300x103.jpg 300w, https:\/\/claire-cattant.net\/wp-content\/uploads\/2021\/06\/Fondation-Baladin.jpg 402w\" sizes=\"auto, (max-width: 300px) 100vw, 300px\" \/><\/a><figcaption class=\"wp-element-caption\">V\u00e9ronique Arvis-Daniel Gaspard-\u00ab\u00a0Un voilier pour la recherche\u00a0\u00bb-  Support pour projets scientifiques et \u00e9cologiques-Sensibilisation des jeunes \u00e0 la protection des \u00e9cosyst\u00e8mes marins.<\/figcaption><\/figure>\n\n\n<div class=\"wp-block-image\">\n<figure class=\"alignleft is-resized\"><a href=\"https:\/\/www.facebook.com\/Faupapiers-1020733321277409\"><img loading=\"lazy\" decoding=\"async\" width=\"300\" height=\"139\" src=\"https:\/\/claire-cattant.net\/wp-content\/uploads\/2021\/06\/fau-papiers-1-300x139.jpg\" alt=\"\" class=\"wp-image-579\" style=\"width:140px;height:auto\" srcset=\"https:\/\/claire-cattant.net\/wp-content\/uploads\/2021\/06\/fau-papiers-1-300x139.jpg 300w, https:\/\/claire-cattant.net\/wp-content\/uploads\/2021\/06\/fau-papiers-1.jpg 660w\" sizes=\"auto, (max-width: 300px) 100vw, 300px\" \/><\/a><figcaption class=\"wp-element-caption\"><em>Fau&rsquo;Papier<\/em> Cr\u00e9ation de carnets en cuir <\/figcaption><\/figure>\n<\/div>\n\n<div class=\"wp-block-image\">\n<figure class=\"alignleft is-resized\"><a href=\"https:\/\/www.atelier-des-ombelles.fr\/?fbclid=IwAR1pBHfBenSGy-lG-uc4KTkrfA7Z4p5LNabil7k8jKFNoiryEnLq-82ct_g\"><img loading=\"lazy\" decoding=\"async\" width=\"300\" height=\"206\" src=\"https:\/\/claire-cattant.net\/wp-content\/uploads\/2021\/06\/atelier-des-ombelles-300x206.jpg\" alt=\"\" class=\"wp-image-578\" style=\"aspect-ratio:1.453125;width:124px;height:auto\" srcset=\"https:\/\/claire-cattant.net\/wp-content\/uploads\/2021\/06\/atelier-des-ombelles-300x206.jpg 300w, https:\/\/claire-cattant.net\/wp-content\/uploads\/2021\/06\/atelier-des-ombelles-1024x702.jpg 1024w, https:\/\/claire-cattant.net\/wp-content\/uploads\/2021\/06\/atelier-des-ombelles-768x526.jpg 768w, https:\/\/claire-cattant.net\/wp-content\/uploads\/2021\/06\/atelier-des-ombelles.jpg 1026w\" sizes=\"auto, (max-width: 300px) 100vw, 300px\" \/><\/a><\/figure>\n<\/div>\n\n<div class=\"wp-block-image is-resized\">\n<figure class=\"alignleft\"><a href=\"https:\/\/www.verasteel.net\/?fbclid=IwAR1gDY99Z-yUjPoqEqM47xWooHtPRH-drlQZBoGoWbZW5-Obh2VBQXcN5Os\"><img loading=\"lazy\" decoding=\"async\" width=\"300\" height=\"83\" src=\"https:\/\/claire-cattant.net\/wp-content\/uploads\/2021\/06\/Vera-Steel-300x83.jpg\" alt=\"\" class=\"wp-image-591\" style=\"width:192px;height:auto\" srcset=\"https:\/\/claire-cattant.net\/wp-content\/uploads\/2021\/06\/Vera-Steel-300x83.jpg 300w, https:\/\/claire-cattant.net\/wp-content\/uploads\/2021\/06\/Vera-Steel.jpg 381w\" sizes=\"auto, (max-width: 300px) 100vw, 300px\" \/><\/a><figcaption class=\"wp-element-caption\">\u00ab\u00a0Entre verre et m\u00e9tal\u00a0\u00bb<\/figcaption><\/figure>\n<\/div>\n\n<div class=\"wp-block-image\">\n<figure class=\"alignright size-full is-resized\"><a href=\"https:\/\/www.la-cour-des-saveurs.com\/fr\/\"><img loading=\"lazy\" decoding=\"async\" width=\"1024\" height=\"768\" src=\"https:\/\/claire-cattant.net\/wp-content\/uploads\/2024\/02\/La-Cour-des-Saveurs-Philippe-Redien.-.jpg\" alt=\"\" class=\"wp-image-2873\" style=\"width:195px;height:auto\" srcset=\"https:\/\/claire-cattant.net\/wp-content\/uploads\/2024\/02\/La-Cour-des-Saveurs-Philippe-Redien.-.jpg 1024w, https:\/\/claire-cattant.net\/wp-content\/uploads\/2024\/02\/La-Cour-des-Saveurs-Philippe-Redien.--300x225.jpg 300w, https:\/\/claire-cattant.net\/wp-content\/uploads\/2024\/02\/La-Cour-des-Saveurs-Philippe-Redien.--768x576.jpg 768w\" sizes=\"auto, (max-width: 767px) 89vw, (max-width: 1000px) 54vw, (max-width: 1071px) 543px, 580px\" \/><\/a><figcaption class=\"wp-element-caption\">La Cour des Saveurs La Cuisine  du Moyen \u00c2ge                                                                     <\/figcaption><\/figure>\n<\/div>\n\n<div class=\"wp-block-image\">\n<figure class=\"alignright is-resized\"><a href=\"https:\/\/atelierdugrimoire-77.webselfsite.net\/\"><img loading=\"lazy\" decoding=\"async\" width=\"300\" height=\"152\" src=\"https:\/\/claire-cattant.net\/wp-content\/uploads\/2021\/06\/Grimoires--300x152.jpg\" alt=\"\" class=\"wp-image-601\" style=\"width:162px;height:auto\" srcset=\"https:\/\/claire-cattant.net\/wp-content\/uploads\/2021\/06\/Grimoires--300x152.jpg 300w, https:\/\/claire-cattant.net\/wp-content\/uploads\/2021\/06\/Grimoires--1024x520.jpg 1024w, https:\/\/claire-cattant.net\/wp-content\/uploads\/2021\/06\/Grimoires--768x390.jpg 768w, https:\/\/claire-cattant.net\/wp-content\/uploads\/2021\/06\/Grimoires-.jpg 1242w\" sizes=\"auto, (max-width: 300px) 100vw, 300px\" \/><\/a><figcaption class=\"wp-element-caption\">Lucile Boulais-Olivier Lambert<br>Cr\u00e9ation et fabrication de grimoires<\/figcaption><\/figure>\n<\/div>\n\n<div class=\"wp-block-image is-resized\">\n<figure class=\"alignright size-large\"><a href=\"https:\/\/www.facebook.com\/Fl%C3%A2neries-en-Douaisis-936808246416894\/\"><img loading=\"lazy\" decoding=\"async\" width=\"703\" height=\"237\" src=\"https:\/\/claire-cattant.net\/wp-content\/uploads\/2021\/06\/douaisis.jpg\" alt=\"\" class=\"wp-image-524\" style=\"width:160px;height:auto\" srcset=\"https:\/\/claire-cattant.net\/wp-content\/uploads\/2021\/06\/douaisis.jpg 703w, https:\/\/claire-cattant.net\/wp-content\/uploads\/2021\/06\/douaisis-300x101.jpg 300w\" sizes=\"auto, (max-width: 703px) 100vw, 703px\" \/><\/a><figcaption class=\"wp-element-caption\">Christophe Delille -Photographe-<em>Report<\/em>ages<\/figcaption><\/figure>\n<\/div>\n\n<div class=\"wp-block-image is-resized\">\n<figure class=\"alignleft\"><a href=\"https:\/\/www.facebook.com\/CuirLutz56\"><img loading=\"lazy\" decoding=\"async\" width=\"256\" height=\"300\" src=\"https:\/\/claire-cattant.net\/wp-content\/uploads\/2021\/06\/atelier-de-la-fontaine-256x300.jpg\" alt=\"\" class=\"wp-image-542\" style=\"width:158px;height:auto\" srcset=\"https:\/\/claire-cattant.net\/wp-content\/uploads\/2021\/06\/atelier-de-la-fontaine-256x300.jpg 256w, https:\/\/claire-cattant.net\/wp-content\/uploads\/2021\/06\/atelier-de-la-fontaine.jpg 412w\" sizes=\"auto, (max-width: 256px) 100vw, 256px\" \/><\/a><figcaption class=\"wp-element-caption\">V\u00e9ronique et G\u00e9rard Lutz -Atelier de la Fontaine &#8211; Cr\u00e9ations cuir-Reproduction m\u00e9di\u00e9vale et fantastique<\/figcaption><\/figure>\n<\/div>\n\n<div class=\"wp-block-image\">\n<figure class=\"alignright size-large is-resized\"><a href=\"https:\/\/www.fraisseaquarelles.com\/\"><img loading=\"lazy\" decoding=\"async\" width=\"1024\" height=\"577\" src=\"https:\/\/claire-cattant.net\/wp-content\/uploads\/2024\/02\/Ghislaine-Fraisse-1024x577.jpg\" alt=\"\" class=\"wp-image-2852\" style=\"width:337px;height:auto\" srcset=\"https:\/\/claire-cattant.net\/wp-content\/uploads\/2024\/02\/Ghislaine-Fraisse-1024x577.jpg 1024w, https:\/\/claire-cattant.net\/wp-content\/uploads\/2024\/02\/Ghislaine-Fraisse-300x169.jpg 300w, https:\/\/claire-cattant.net\/wp-content\/uploads\/2024\/02\/Ghislaine-Fraisse-768x433.jpg 768w, https:\/\/claire-cattant.net\/wp-content\/uploads\/2024\/02\/Ghislaine-Fraisse.jpg 1065w\" sizes=\"auto, (max-width: 767px) 89vw, (max-width: 1000px) 54vw, (max-width: 1071px) 543px, 580px\" \/><\/a><figcaption class=\"wp-element-caption\">Ghislaine Fraisse Cr\u00e9ations .   -Aquarelles- Fusains-Encres -D\u00e9coration d&rsquo;int\u00e9rieur &#8211; Expositions ventes-Stages d&rsquo;initiation \u00e0 l&rsquo;aquarelle, (paysage),  au pied du Mont Ventoux, en Provence &#8211;<br>\u00ab\u00a0<em>Aujourd\u2019hui, je cherche dans le mod\u00e8le vivant, le Nu, une nouvelle exigence face \u00e0 un mod\u00e8le qui m\u2019offre tout son \u00eatre et sa g\u00e9n\u00e9rosit\u00e9<\/em>.\u00a0\u00bb<\/figcaption><\/figure>\n<\/div>\n\n\n<figure class=\"wp-block-image is-resized\"><a href=\"http:\/\/www.certiferme.com\/blog\/grainedesucre.html\"><img loading=\"lazy\" decoding=\"async\" width=\"300\" height=\"103\" src=\"https:\/\/claire-cattant.net\/wp-content\/uploads\/2021\/06\/graine-de-sucreab-300x103.jpg\" alt=\"\" class=\"wp-image-540\" style=\"width:159px;height:auto\" srcset=\"https:\/\/claire-cattant.net\/wp-content\/uploads\/2021\/06\/graine-de-sucreab-300x103.jpg 300w, https:\/\/claire-cattant.net\/wp-content\/uploads\/2021\/06\/graine-de-sucreab.jpg 456w\" sizes=\"auto, (max-width: 300px) 100vw, 300px\" \/><\/a><figcaption class=\"wp-element-caption\">Fran\u00e7oise Hamiau -Blogueuse- Chroniqueuse<\/figcaption><\/figure>\n\n\n\n<figure class=\"wp-block-image is-resized\"><a href=\"https:\/\/mondemedieval.fr\/editions-la-muse-ouvrages-moyen-age\/\"><img loading=\"lazy\" decoding=\"async\" width=\"300\" height=\"74\" src=\"https:\/\/claire-cattant.net\/wp-content\/uploads\/2021\/06\/editions-la-muse-300x74.jpg\" alt=\"\" class=\"wp-image-505\" style=\"width:172px;height:auto\" srcset=\"https:\/\/claire-cattant.net\/wp-content\/uploads\/2021\/06\/editions-la-muse-300x74.jpg 300w, https:\/\/claire-cattant.net\/wp-content\/uploads\/2021\/06\/editions-la-muse.jpg 642w\" sizes=\"auto, (max-width: 300px) 100vw, 300px\" \/><\/a><\/figure>\n\n\n\n<figure class=\"wp-block-image is-resized\"><a href=\"https:\/\/www.facebook.com\/bo.socie\"><img loading=\"lazy\" decoding=\"async\" width=\"300\" height=\"215\" src=\"https:\/\/claire-cattant.net\/wp-content\/uploads\/2021\/06\/sog-creations-300x215.jpg\" alt=\"\" class=\"wp-image-577\" style=\"width:107px;height:auto\" srcset=\"https:\/\/claire-cattant.net\/wp-content\/uploads\/2021\/06\/sog-creations-300x215.jpg 300w, https:\/\/claire-cattant.net\/wp-content\/uploads\/2021\/06\/sog-creations.jpg 457w\" sizes=\"auto, (max-width: 300px) 100vw, 300px\" \/><\/a><\/figure>\n\n\n\n<figure class=\"wp-block-image is-resized\"><a href=\"https:\/\/soleildebroceliande.bzh\/\"><img loading=\"lazy\" decoding=\"async\" width=\"300\" height=\"120\" src=\"https:\/\/claire-cattant.net\/wp-content\/uploads\/2021\/06\/soleil-de-broceliande-300x120.jpg\" alt=\"\" class=\"wp-image-541\" style=\"width:143px;height:auto\" srcset=\"https:\/\/claire-cattant.net\/wp-content\/uploads\/2021\/06\/soleil-de-broceliande-300x120.jpg 300w, https:\/\/claire-cattant.net\/wp-content\/uploads\/2021\/06\/soleil-de-broceliande-1024x408.jpg 1024w, https:\/\/claire-cattant.net\/wp-content\/uploads\/2021\/06\/soleil-de-broceliande-768x306.jpg 768w, https:\/\/claire-cattant.net\/wp-content\/uploads\/2021\/06\/soleil-de-broceliande.jpg 1260w\" sizes=\"auto, (max-width: 300px) 100vw, 300px\" \/><\/a><\/figure>\n\n\n\n<figure class=\"wp-block-image is-resized\"><a href=\"https:\/\/www.babelio.com\/\"><img loading=\"lazy\" decoding=\"async\" width=\"300\" height=\"78\" src=\"https:\/\/claire-cattant.net\/wp-content\/uploads\/2021\/06\/Babelio-300x78.jpg\" alt=\"\" class=\"wp-image-509\" style=\"aspect-ratio:3.8550724637681157;width:85px;height:auto\" srcset=\"https:\/\/claire-cattant.net\/wp-content\/uploads\/2021\/06\/Babelio-300x78.jpg 300w, https:\/\/claire-cattant.net\/wp-content\/uploads\/2021\/06\/Babelio.jpg 337w\" sizes=\"auto, (max-width: 300px) 100vw, 300px\" \/><\/a><\/figure>\n\n\n<div class=\"wp-block-image is-resized\">\n<figure class=\"alignright\"><a href=\"https:\/\/www.atelier-serpentine.com\/\"><img loading=\"lazy\" decoding=\"async\" width=\"300\" height=\"50\" src=\"https:\/\/claire-cattant.net\/wp-content\/uploads\/2021\/06\/Atelier-Serpentine-300x50.jpg\" alt=\"\" class=\"wp-image-602\" style=\"width:231px;height:auto\" srcset=\"https:\/\/claire-cattant.net\/wp-content\/uploads\/2021\/06\/Atelier-Serpentine-300x50.jpg 300w, https:\/\/claire-cattant.net\/wp-content\/uploads\/2021\/06\/Atelier-Serpentine-1024x171.jpg 1024w, https:\/\/claire-cattant.net\/wp-content\/uploads\/2021\/06\/Atelier-Serpentine-768x128.jpg 768w, https:\/\/claire-cattant.net\/wp-content\/uploads\/2021\/06\/Atelier-Serpentine.jpg 1512w\" sizes=\"auto, (max-width: 300px) 100vw, 300px\" \/><\/a><figcaption class=\"wp-element-caption\">Sandrine Gouret -Bijoux d&rsquo;inspiration m\u00e9di\u00e9vale fantastique-<\/figcaption><\/figure>\n<\/div>\n\n<div class=\"wp-block-image\">\n<figure class=\"aligncenter is-resized\"><a href=\"https:\/\/www.librairiedialogues.fr\/?gclid=Cj0KCQjw5auGBhDEARIsAFyNm9Ht26EeKf-hCpZdjwUygwWQdjTp6Nzhi1CiiEl6XzvbkELHfNdJqzsaAk_MEALw_wcB\"><img loading=\"lazy\" decoding=\"async\" width=\"300\" height=\"76\" src=\"https:\/\/claire-cattant.net\/wp-content\/uploads\/2021\/06\/dialogues-300x76.jpg\" alt=\"\" class=\"wp-image-538\" style=\"aspect-ratio:4.046511627906977;width:142px;height:auto\" srcset=\"https:\/\/claire-cattant.net\/wp-content\/uploads\/2021\/06\/dialogues-300x76.jpg 300w, https:\/\/claire-cattant.net\/wp-content\/uploads\/2021\/06\/dialogues.jpg 443w\" sizes=\"auto, (max-width: 300px) 100vw, 300px\" \/><\/a><\/figure>\n<\/div>\n\n<div class=\"wp-block-image\">\n<figure class=\"aligncenter size-full is-resized\"><a href=\"https:\/\/festesdethalie.org\/\"><img loading=\"lazy\" decoding=\"async\" width=\"726\" height=\"505\" src=\"https:\/\/claire-cattant.net\/wp-content\/uploads\/2024\/02\/Les-festes-de-Thalie.-Concerts-baroques-1.jpg\" alt=\"\" class=\"wp-image-2871\" style=\"width:323px;height:auto\" srcset=\"https:\/\/claire-cattant.net\/wp-content\/uploads\/2024\/02\/Les-festes-de-Thalie.-Concerts-baroques-1.jpg 726w, https:\/\/claire-cattant.net\/wp-content\/uploads\/2024\/02\/Les-festes-de-Thalie.-Concerts-baroques-1-300x209.jpg 300w\" sizes=\"auto, (max-width: 726px) 100vw, 726px\" \/><\/a><figcaption class=\"wp-element-caption\">-Les Festes de Thalie -Musique, Th\u00e9\u00e2tre, et Danse baroques -Concerts-  Spectacles- Ev\u00e9nements<\/figcaption><\/figure>\n<\/div>\n\n<div class=\"wp-block-image\">\n<figure class=\"aligncenter size-full is-resized\"><a href=\"https:\/\/developoulpe.fr\/\"><img loading=\"lazy\" decoding=\"async\" width=\"533\" height=\"115\" src=\"https:\/\/claire-cattant.net\/wp-content\/uploads\/2024\/02\/Developoulpe.jpg\" alt=\"\" class=\"wp-image-2900\" style=\"width:177px;height:auto\" srcset=\"https:\/\/claire-cattant.net\/wp-content\/uploads\/2024\/02\/Developoulpe.jpg 533w, https:\/\/claire-cattant.net\/wp-content\/uploads\/2024\/02\/Developoulpe-300x65.jpg 300w\" sizes=\"auto, (max-width: 533px) 100vw, 533px\" \/><\/a><figcaption class=\"wp-element-caption\">Developoulpe- D\u00e9veloppeur Web Multit\u00e2che &#8211; Photographe d&rsquo;\u00e9v\u00e8nements, et de vitrines, stands.<\/figcaption><\/figure>\n<\/div>\n\n<div class=\"wp-block-image\">\n<figure class=\"aligncenter size-full is-resized\"><a href=\"https:\/\/mondemedieval.fr\/\"><img loading=\"lazy\" decoding=\"async\" width=\"292\" height=\"293\" src=\"https:\/\/claire-cattant.net\/wp-content\/uploads\/2024\/02\/Editions-la-muse-Monde-medieval.jpg\" alt=\"\" class=\"wp-image-2903\" style=\"width:100px;height:auto\" srcset=\"https:\/\/claire-cattant.net\/wp-content\/uploads\/2024\/02\/Editions-la-muse-Monde-medieval.jpg 292w, https:\/\/claire-cattant.net\/wp-content\/uploads\/2024\/02\/Editions-la-muse-Monde-medieval-150x150.jpg 150w, https:\/\/claire-cattant.net\/wp-content\/uploads\/2024\/02\/Editions-la-muse-Monde-medieval-100x100.jpg 100w\" sizes=\"auto, (max-width: 292px) 100vw, 292px\" \/><\/a><figcaption class=\"wp-element-caption\">-La Muse &#8211;  Fabian M\u00fcllers,  historien, \u00e9diteur, metteur en sc\u00e8ne, auteur &#8211;<\/figcaption><\/figure>\n<\/div>\n\n\n\n\n<p><\/p>\n\n\n\n\n\n\n","protected":false},"excerpt":{"rendered":"<p>&nbsp; &nbsp; &nbsp; &nbsp; &nbsp;<\/p>\n","protected":false},"author":1,"featured_media":0,"parent":0,"menu_order":0,"comment_status":"closed","ping_status":"closed","template":"","meta":{"footnotes":""},"class_list":["post-545","page","type-page","status-publish","hentry"],"colors":{"color":"454545","contrast":"255,255,255","custom":false},"jetpack_sharing_enabled":true,"_links":{"self":[{"href":"https:\/\/claire-cattant.net\/index.php\/wp-json\/wp\/v2\/pages\/545","targetHints":{"allow":["GET"]}}],"collection":[{"href":"https:\/\/claire-cattant.net\/index.php\/wp-json\/wp\/v2\/pages"}],"about":[{"href":"https:\/\/claire-cattant.net\/index.php\/wp-json\/wp\/v2\/types\/page"}],"author":[{"embeddable":true,"href":"https:\/\/claire-cattant.net\/index.php\/wp-json\/wp\/v2\/users\/1"}],"replies":[{"embeddable":true,"href":"https:\/\/claire-cattant.net\/index.php\/wp-json\/wp\/v2\/comments?post=545"}],"version-history":[{"count":0,"href":"https:\/\/claire-cattant.net\/index.php\/wp-json\/wp\/v2\/pages\/545\/revisions"}],"wp:attachment":[{"href":"https:\/\/claire-cattant.net\/index.php\/wp-json\/wp\/v2\/media?parent=545"}],"curies":[{"name":"wp","href":"https:\/\/api.w.org\/{rel}","templated":true}]}}